e 0*a = b*a - o. List the prime factors of a.
2
Let q = 2 + 2. Suppose -32 = -3*o + q. What are the prime factors of o?
2, 3
Let i(d) = d**3 - 7*d**2 - d + 8. Let m be i(7). What are the prime factors of 15/2 - m/2?
7
Let y(n) = -2*n + 2. Let j be y(4). Let a = -3 - j. List the prime factors of a.
3
Let f = -6 + 7. Let c(g) = 19*g + 1. What are the prime factors of c(f)?
2, 5
Let z(c) = c**3 - 9*c**2 + 4*c - 5. What are the prime factors of z(9)?
31
Let z be 6/5*20/6. Let r(d) = -d**2 + 5*d. Let j be r(z). What are the prime factors of (4/6)/(j/30)?
5
Suppose -4*u - 4*m + 3*m + 46 = 0, -4*u - 4*m = -52. Suppose -5*g + 7 = 4*l - 0*g, -u = -5*l - 4*g. List the prime factors of l.
3
Suppose 5*c = 426 - 66. What are the prime factors of c?
2, 3
List the prime factors of (-8)/((-12)/(-8) + -2).
2
Let g be 177/7 - (-4)/(-14). Suppose 5 = -5*y + g. Suppose z + 9 = y*z. List the prime factors of z.
3
Let w(d) = -2 + 0*d**2 + d + d**2 + 2*d**2 + d - d**3. Let g be w(2). Suppose 4*u - t - 15 = 0, u + 4*t = 2 + g. What are the prime factors of u?
2
Suppose 0 = k + 3*p - 2*p - 25, 0 = -3*k + p + 87. Let m = k - 22. List the prime factors of m.
2, 3
Suppose -o + 7 - 5 = 0. What are the prime factors of (20*2)/(2/o)?
2, 5
Let t = 6 - -36. What are the prime factors of t?
2, 3, 7
Let h = 200 - 67. List the prime factors of h.
7, 19
Suppose 26*q = 30*q - 8. List the prime factors of ((-49)/q)/(4/(-8)).
7
Suppose -v - 4*l - 6 = 0, 9*l = 2*v + 4*l - 14. Suppose 2*t + 6 = 0, v*t = -5*q + t + 77. Suppose -3*y + q = -2. List the prime factors of y.
2, 3
Let w be (-3)/(-4) - (-10)/8. Let m be ((-3)/w)/((-6)/8). What are the prime factors of m/(-1) + 13 + -2?
3
Let i be (-1190)/(-90) + 2/(-9). Suppose 23 = 4*n - i. What are the prime factors of n?
3
Suppose y - 355 = -4*y. Suppose 9 + y = 4*s. List the prime factors of s.
2, 5
Suppose 3*u = -4*k + 26 + 11, -u + 9 = k. List the prime factors of k.
2, 5
Suppose -j - a = -186, 190 = j + 9*a - 6*a. What are the prime factors of j?
2, 23
Suppose 2*k = 7 - 1. Suppose -k*i + 4 + 2 = 0. List the prime factors of i.
2
Let w(g) = -g + 5. Let r be w(0). Let t be (4 - r)/(1/(-5)). Suppose 3*i = 4*u + 30, 4*i - u - t = 48. What are the prime factors of i?
2, 7
Suppose -4*r - 20 = 0, 4*r + 4 = 2*p - 0*r. Let o(u) = -u**3 - 8*u**2 - u - 5. What are the prime factors of o(p)?
3
Let z(d) = 2*d - 3. Let f be 2/(-11) - (-114)/22. What are the prime factors of z(f)?
7
List the prime factors of (-50)/75*(-258)/4.
43
Let y = -23 - -14. Let g = y + 19. What are the prime factors of g?
2, 5
Let u be ((-6)/(-12))/((-2)/(-16)). Suppose 0*b - b - 34 = -4*f, u*b - 32 = -5*f. What are the prime factors of f?
2
Let y(u) be the second derivative of -3*u**3/2 - u**2/2 - u. List the prime factors of y(-1).
2
Let d(a) = a**2 - 6*a + 4. Let y be d(8). Let p be (-4)/10 + 108/y. Suppose -w + p*w + 3*u = 23, -u - 19 = -2*w. List the prime factors of w.
2
Let q(o) = -1 - 3 + 1 - 2*o. Let l be q(-2). Let s = l - -1. What are the prime factors of s?
2
Suppose 4*k = -12, 0*c - 4*c + 3*k + 1697 = 0. What are the prime factors of c?
2, 211
Let r(p) be the third derivative of -p**4/24 + p**3/3 - p**2. Let x(q) = q**2 - 12*q - 6. Let v be x(12). List the prime factors of r(v).
2
Suppose 4*n = 5*s + 16, 3*n - n = 2*s + 10. Let w = 16 - n. What are the prime factors of 16/w - 2/7?
2
Suppose 52 = 3*a - 5*n, 3*n = a + 4*n - 12. What are the prime factors of a?
2, 7
Suppose 4*z + 2*h = 0, 0*h + 2*h = -2*z - 4. Suppose 0*u + z*u = 72. Suppose 4*r + 0*r - u = 0. What are the prime factors of r?
3
Let w = 27 + 24. List the prime factors of w.
3, 17
Suppose -2*h - 1 - 7 = 0. Suppose 5*n + 26 = -2*f, 3*f - 2 = n - 7. What are the prime factors of (-1)/n + (-23)/h?
2, 3
Let h be 10/(-6)*(-2 + -4). Let n(r) = -r**3 + 11*r**2 - 6*r - 6. List the prime factors of n(h).
2, 17
Let r(d) = -d**3 - 4*d**2 - 3*d + 3. Let t be r(-3). Suppose 15 = -5*p + 5*y, t*p + 2*y - 4 = 6*p. Let n = p + 5. List the prime factors of n.
7
Suppose -10 = 5*j + 5, -2*q = 2*j - 412. List the prime factors of q.
11, 19
What are the prime factors of (-6 + 5)*(-2 + 1) - -27?
2, 7
Let d(p) = -p**2 - 4*p + 2. Let b be d(-6). What are the prime factors of 1064/40 - 4/b?
3
Suppose 165 = -k + 6*k. List the prime factors of k.
3, 11
Let c = -239 + 99. What are the prime factors of 3/(-2)*c/15?
2, 7
Let p(t) = t - 4. List the prime factors of p(14).
2, 5
Let a(t) = 0 - 6*t + 0*t - 7*t**2 + 2 - t**3 + 0*t. Let m be a(-6). Suppose 4*b = 4*j + 12, -2*b - j - m = -14. What are the prime factors of b?
5
Suppose 3*k - 20 = -8, 2*g = 5*k - 26. List the prime factors of (g + -9)*(-4)/6.
2
Let q = -33 - -38. List the prime factors of q.
5
Suppose 5*w - w - x - 47 = 0, w = x + 11. Let o = w + 30. What are the prime factors of o?
2, 3, 7
List the prime factors of -280*((-12)/(-18))/(5/(-3)).
2, 7
Suppose 10 = -a + 4*o, a - 4*a = 4*o - 34. Let f = 11 - a. Let u = f - -9. What are the prime factors of u?
2, 7
Let r = -2 - -7. Suppose 0 = r*o + s - 2*s - 33, -2*o = 5*s - 24. List the prime factors of o.
7
Let p = -16 + 20. Suppose -q + 3*y = -33, p*q = -y - 3*y + 148. What are the prime factors of q?
2, 3
Let t be (-14)/(-21) + 67/3. Suppose 4*a = 5*k - 83, -k - 2*a + 6*a = -t. List the prime factors of k.
3, 5
Suppose 0*n = -3*n + 4*i + 102, 5*n - 170 = 3*i. Suppose 0*j + 23 = d - 3*j, 0 = -2*d + 3*j + n. What are the prime factors of d?
11
List the prime factors of (684/16)/(-9)*-12.
3, 19
What are the prime factors of 12/18 + 1886/6?
3, 5, 7
Let v(s) = -6*s - 15. List the prime factors of v(-10).
3, 5
Let c = -7 - -9. Suppose -2*x = -3*s + 6, -c*x - 4 = -4*s + 2*x. List the prime factors of ((-20)/(-15))/(s/30).
2, 5
Let x(v) = -v**2 + 10*v - 9. Let q be x(6). Let l = q - 8. List the prime factors of l.
7
Let q(a) be the second derivative of a**3/6 - 2*a**2 - 2*a. List the prime factors of q(15).
11
Let d = 4 - 2. Suppose 4*y + 2*g = -0*y + d, -2*g = 10. What are the prime factors of y?
3
Suppose 3*t + 36 = -0*d + 3*d, t = 3*d - 28. What are the prime factors of d?
2
Let q(p) = -p**2 - 6*p + 5. Let i be q(-7). Let d be (10/(-15))/(i/15). Suppose -d*y = -29 - 1. What are the prime factors of y?
2, 3
List the prime factors of 4/(-6) - (-15916)/69.
2, 5, 23
Let d = 24 - 17. Let l = 17 - d. What are the prime factors of l?
2, 5
Suppose 4*m + 138 = 8*f - 3*f, m + 80 = 3*f. What are the prime factors of f?
2, 13
Let p be (-3)/(-6)*1*8. Suppose f = p*f + 3*j - 150, -1 = -j. List the prime factors of f.
7
Let q = 5 - 26. Let s = q - -36. What are the prime factors of s?
3, 5
What are the prime factors of -1 + 0 - (-16 - 87)?
2, 3, 17
Let a = -3 - -5. Suppose -a*r + 2*p = 0, -5*r - 4*p = 5 + 13. List the prime factors of (-1)/(-2)*r + 13.
2, 3
Suppose 2*s - 13 = -5*y, -15 + 5 = -2*y. List the prime factors of ((-69)/(-6))/((-3)/s).
23
Let f be 2/1 - (-3 - -20). Let a be f/(-10) + (-34)/(-4). Let w = a + -5. What are the prime factors of w?
5
Let i = 746 - 440. List the prime factors of i.
2, 3, 17
Let i = 62 - 28. List the prime factors of i.
2, 17
Let m(a) = 3*a**2 - 3*a - 17. What are the prime factors of m(-5)?
73
List the prime factors of 2 - (10/(-5) - 123).
127
Let p(m) = 4*m**2 + m. Let k = 0 + 1. Let t be p(k). What are the prime factors of 1*t/((-10)/(-4))?
2
Suppose -2604 = -12*v - 0*v. List the prime factors of v.
7, 31
Let q(o) = -3*o. Let f be q(6). Let r = -38 + 67. Let w = r + f. What are the prime factors of w?
11
Suppose 2*t + 2*u + 103 = 7*t, 87 = 5*t + 2*u. List the prime factors of t.
19
Let t be (2 + -1)/(-4 - -5). Let n be ((-5)/4)/(1/(-8)). Let f = t + n. List the prime factors of f.
11
Suppose 0 = -4*f + 5*c + 342, 3*f - 5*c = -3*c + 260. List the prime factors of f.
2, 11
Let l be 2/((-15)/6 + 2). Let a be 8/l + 1*2. Suppose f = -3*y + y + 5, 5*f + 2*y - 25 = a. What are the prime factors of f?
5
Suppose 0*x + 22 = 2*x. Let f = x + -5. List the prime factors of -14*(-3)/f - 3.
2
Suppose p = 2*l - 10, 3*p = 4*p - 4. Let t(m) = m**3 - 4*m**2 - 6*m + 1. Let z be t(5). Let o = l + z. List the prime factors of o.
3
Let w(z) = -z - 3. Let m = 8 - 2. Let k be m/(-15) - (-28)/(-5). List the prime factors of w(k).
3
Suppose -20*x = -14*x - 1728. List the prime factors of x.
2, 3
Suppose -5*v + 0*j = -4*j - 1,